{"id":812,"date":"2021-03-08T14:59:57","date_gmt":"2021-03-08T12:59:57","guid":{"rendered":"https:\/\/euroclub25.net\/?page_id=812"},"modified":"2023-04-07T17:00:42","modified_gmt":"2023-04-07T16:00:42","slug":"accueil","status":"publish","type":"page","link":"https:\/\/euroclub25.net\/","title":{"rendered":"Accueil"},"content":{"rendered":"\n<div class=\"wp-block-genesis-blocks-gb-columns gpb-slate-section-cta-accent gb-layout-columns-1 gb-1-col-equal gb-has-custom-background-color has-white-color gb-columns-center alignfull\" style=\"padding-top:1em;padding-right:1em;padding-left:1em;background-color:#bf268a\"><div class=\"gb-layout-column-wrap gb-block-layout-column-gap-2 gb-is-responsive-column\" style=\"max-width:1200px\">\n<div class=\"wp-block-genesis-blocks-gb-column gb-block-layout-column gb-is-vertically-aligned-center\"><div class=\"gb-block-layout-column-inner\" style=\"text-align:left\">\n<div class=\"wp-block-genesis-blocks-gb-columns gb-layout-columns-1 one-column\"><div class=\"gb-layout-column-wrap gb-block-layout-column-gap-2 gb-is-responsive-column\">\n<div class=\"wp-block-genesis-blocks-gb-column gb-block-layout-column\"><div class=\"gb-block-layout-column-inner\">\n<p class=\"has-text-align-center has-large-font-size\"><strong>EURO CLUB 25<\/strong> le classement des sons \u00e9lectro les plus jou\u00e9s en Europe<\/p>\n<\/div><\/div>\n<\/div><\/div>\n<\/div><\/div>\n<\/div><\/div>\n\n\n\n<div class=\"wp-block-genesis-blocks-gb-columns gb-slate-feature-text-columns gb-layout-columns-1 one-column gb-has-custom-background-color gb-has-custom-text-color gb-columns-center alignfull\" style=\"padding-top:6em;padding-right:1em;padding-bottom:6em;padding-left:1em;background-color:#ffffff;color:#1f1f1f\"><div class=\"gb-layout-column-wrap gb-block-layout-column-gap-2 gb-is-responsive-column\" style=\"max-width:1200px\">\n<div class=\"wp-block-genesis-blocks-gb-column gb-block-layout-column gb-is-vertically-aligned-bottom\"><div class=\"gb-block-layout-column-inner\">\n<div class=\"wp-block-genesis-blocks-gb-columns gb-layout-columns-1 one-column gb-columns-center\"><div class=\"gb-layout-column-wrap gb-block-layout-column-gap-2 gb-is-responsive-column\" style=\"max-width:840px\">\n<div class=\"wp-block-genesis-blocks-gb-column gb-block-layout-column\"><div class=\"gb-block-layout-column-inner\">\n<h2 class=\"wp-block-heading has-text-align-center has-text-color\" style=\"color:#1f1f1f;font-size:40px\">Comment est \u00e9tabli le classement ?<\/h2>\n\n\n\n<p class=\"has-text-align-center has-text-color\" style=\"color:#1f1f1f\"><\/p>\n<\/div><\/div>\n<\/div><\/div>\n\n\n\n<div style=\"height:30px\" aria-hidden=\"true\" class=\"wp-block-spacer\"><\/div>\n\n\n\n<div class=\"wp-block-genesis-blocks-gb-columns gb-layout-columns-2 gb-2-col-wideright\"><div class=\"gb-layout-column-wrap gb-block-layout-column-gap-2 gb-is-responsive-column\">\n<div class=\"wp-block-genesis-blocks-gb-column gb-block-layout-column\"><div class=\"gb-block-layout-column-inner\">\n<figure class=\"wp-block-image size-large is-style-default\"><a href=\"https:\/\/i0.wp.com\/euroclub25.net\/wp-content\/uploads\/2018\/03\/image001.jpg?ssl=1\"><img data-recalc-dims=\"1\" loading=\"lazy\" decoding=\"async\" width=\"750\" height=\"500\" data-attachment-id=\"607\" data-permalink=\"https:\/\/euroclub25.net\/?attachment_id=607\" data-orig-file=\"https:\/\/i0.wp.com\/euroclub25.net\/wp-content\/uploads\/2018\/03\/image001.jpg?fit=960%2C640&amp;ssl=1\" data-orig-size=\"960,640\" data-comments-opened=\"1\" data-image-meta=\"{&quot;aperture&quot;:&quot;0&quot;,&quot;credit&quot;:&quot;&quot;,&quot;camera&quot;:&quot;&quot;,&quot;caption&quot;:&quot;&quot;,&quot;created_timestamp&quot;:&quot;0&quot;,&quot;copyright&quot;:&quot;&quot;,&quot;focal_length&quot;:&quot;0&quot;,&quot;iso&quot;:&quot;0&quot;,&quot;shutter_speed&quot;:&quot;0&quot;,&quot;title&quot;:&quot;&quot;,&quot;orientation&quot;:&quot;0&quot;}\" data-image-title=\"image001\" data-image-description=\"\" data-image-caption=\"\" data-medium-file=\"https:\/\/i0.wp.com\/euroclub25.net\/wp-content\/uploads\/2018\/03\/image001.jpg?fit=300%2C200&amp;ssl=1\" data-large-file=\"https:\/\/i0.wp.com\/euroclub25.net\/wp-content\/uploads\/2018\/03\/image001.jpg?fit=750%2C500&amp;ssl=1\" src=\"https:\/\/i0.wp.com\/euroclub25.net\/wp-content\/uploads\/2018\/03\/image001.jpg?resize=750%2C500&#038;ssl=1\" alt=\"\" class=\"wp-image-607\" srcset=\"https:\/\/i0.wp.com\/euroclub25.net\/wp-content\/uploads\/2018\/03\/image001.jpg?w=960&amp;ssl=1 960w, https:\/\/i0.wp.com\/euroclub25.net\/wp-content\/uploads\/2018\/03\/image001.jpg?resize=300%2C200&amp;ssl=1 300w, https:\/\/i0.wp.com\/euroclub25.net\/wp-content\/uploads\/2018\/03\/image001.jpg?resize=768%2C512&amp;ssl=1 768w\" sizes=\"auto, (max-width: 750px) 100vw, 750px\" \/><\/a><\/figure>\n<\/div><\/div>\n\n\n\n<div class=\"wp-block-genesis-blocks-gb-column gb-block-layout-column\"><div class=\"gb-block-layout-column-inner\">\n<p>Le classement de l&rsquo; Euro Club 25 est \u00e9tabli chaque semaine \u00e0 l&rsquo;aide des principaux classements des titres les plus jou\u00e9s dans les clubs europ\u00e9ens. <\/p>\n\n\n\n<p><\/p>\n\n\n\n<p>Toutes les semaines retrouvez le classement sur nos <a href=\"https:\/\/euroclub25.net\/les-radios-partenaires-de-leuro-club-25\/\">radios partenaires<\/a> dans le show radio anim\u00e9 par Eric Pyren\u2026<\/p>\n\n\n\n<p><\/p>\n<\/div><\/div>\n<\/div><\/div>\n<\/div><\/div>\n<\/div><\/div>\n\n\n\n<div class=\"wp-block-genesis-blocks-gb-columns gb-slate-image-text-columns gb-layout-columns-1 one-column gb-has-custom-background-color gb-has-custom-text-color gb-columns-center alignfull\" style=\"padding-top:4em;padding-right:1em;padding-bottom:4em;padding-left:1em;background-color:#ededed;color:#1f1f1f\"><div class=\"gb-layout-column-wrap gb-block-layout-column-gap-2 gb-is-responsive-column\" style=\"max-width:1200px\">\n<div class=\"wp-block-genesis-blocks-gb-column gb-block-layout-column\"><div class=\"gb-block-layout-column-inner\">\n<h1 class=\"has-text-align-center has-accent-color has-text-color wp-block-heading\"><mark style=\"background-color:rgba(0, 0, 0, 0);color:#e00a9f\" class=\"has-inline-color\">LE TOP 3<\/mark><\/h1>\n\n\n\n<div class=\"wp-block-genesis-blocks-gb-columns gb-layout-columns-3 gb-3-col-equal\"><div class=\"gb-layout-column-wrap gb-block-layout-column-gap-2 gb-is-responsive-column\">\n<div class=\"wp-block-genesis-blocks-gb-column gb-block-layout-column\"><div class=\"gb-block-layout-column-inner\">\n<p><\/p>\n<\/div><\/div>\n\n\n\n<div class=\"wp-block-genesis-blocks-gb-column gb-block-layout-column\"><div class=\"gb-block-layout-column-inner\">\n<p><\/p>\n<\/div><\/div>\n\n\n\n<div class=\"wp-block-genesis-blocks-gb-column gb-block-layout-column\"><div class=\"gb-block-layout-column-inner\">\n<p><\/p>\n<\/div><\/div>\n<\/div><\/div>\n\n\n\n<hr class=\"wp-block-separator has-css-opacity\"\/>\n\n\n\n<div class=\"wp-block-genesis-blocks-gb-columns gb-layout-columns-3 gb-3-col-equal\"><div class=\"gb-layout-column-wrap gb-block-layout-column-gap-2 gb-is-responsive-column\">\n<div class=\"wp-block-genesis-blocks-gb-column gb-block-layout-column\"><div class=\"gb-block-layout-column-inner\" style=\"text-align:center\">\n<h3 class=\"has-text-align-center has-accent-color has-text-color has-huge-font-size wp-block-heading\"><strong><span style=\"color:#e00a9f\" class=\"has-inline-color\">1<\/span><\/strong><\/h3>\n\n\n\n<figure class=\"wp-block-image size-large is-style-default\"><img decoding=\"async\" src=\"http:\/\/covers.euroclub25.net\/JADEN_BOJSEN_DAVID_GUETTA_Upside_Down_extended_Mix_\" alt=\"Euro Club 25 N\u00b01\" width=\"NaN\" height=\"NaN\"\/><\/figure>\n\n\n\n<p class=\"has-medium-font-size\"><strong><strong>JADEN BOJSEN & DAVID GUETTA<\/strong><\/strong><\/p>\n\n\n\n<p class=\"has-medium-font-size\"> Upside Down (extended Mix)<\/p>\n<\/div><\/div>\n\n\n\n<div class=\"wp-block-genesis-blocks-gb-column gb-block-layout-column\"><div class=\"gb-block-layout-column-inner\" style=\"text-align:center\">\n<h3 class=\"has-text-align-center has-accent-color has-text-color has-huge-font-size wp-block-heading\"><strong><span style=\"color:#e00a9f\" class=\"has-inline-color\">2<\/span><\/strong><\/h3>\n\n\n\n<figure class=\"wp-block-image size-large is-style-default\"><img decoding=\"async\" src=\"http:\/\/covers.euroclub25.net\/CALVIN_HARRIS_KASABIAN_Release_The_Pressure\" alt=\"Euro Club 25 N\u00b02\"\/><\/figure>\n\n\n\n<p class=\"has-medium-font-size\"><strong>CALVIN HARRIS, KASABIAN<\/strong><\/p>\n\n\n\n<p class=\"has-text-color has-medium-font-size\" style=\"color:#1f1f1f\">Release The Pressure<\/p>\n<\/div><\/div>\n\n\n\n<div class=\"wp-block-genesis-blocks-gb-column gb-block-layout-column\"><div class=\"gb-block-layout-column-inner\" style=\"text-align:center\">\n<h3 class=\"has-text-align-center has-accent-color has-text-color has-huge-font-size wp-block-heading\"><strong><span style=\"color:#e00a9f\" class=\"has-inline-color\">3<\/span><\/strong><\/h3>\n\n\n\n<figure class=\"wp-block-image size-large\"><img decoding=\"async\" src=\"http:\/\/covers.euroclub25.net\/FAITHLESS_Insomnia_disclosure_s_2025_Edit_\" alt=\"Euro Club 25 N\u00b03\" width=\"NaN\" height=\"NaN\"\/><\/figure>\n\n\n\n<p class=\"has-medium-font-size\"><strong><strong>FAITHLESS<\/strong><\/strong><\/p>\n\n\n\n<p class=\"has-text-color has-medium-font-size\" style=\"color:#1f1f1f\">Insomnia (disclosure`s 2025 Edit)<\/p>\n<\/div><\/div>\n<\/div><\/div>\n\n\n\n<div class=\"wp-block-columns is-layout-flex wp-container-core-columns-is-layout-9d6595d7 wp-block-columns-is-layout-flex\">\n<div class=\"wp-block-column is-layout-flow wp-block-column-is-layout-flow\">\n<div class=\"wp-block-genesis-blocks-gb-columns gb-layout-columns-1 one-column\"><div class=\"gb-layout-column-wrap gb-block-layout-column-gap-2 gb-is-responsive-column\">\n<div class=\"wp-block-genesis-blocks-gb-column gb-block-layout-column\"><div class=\"gb-block-layout-column-inner\">\n<div class=\"wp-block-genesis-blocks-gb-columns gb-layout-columns-1 one-column\"><div class=\"gb-layout-column-wrap gb-block-layout-column-gap-2 gb-is-responsive-column\">\n<div class=\"wp-block-genesis-blocks-gb-column gb-block-layout-column\"><div class=\"gb-block-layout-column-inner\" style=\"text-align:center\">\n<div class=\"wp-block-buttons is-vertical is-layout-flex wp-container-core-buttons-is-layout-8cf370e7 wp-block-buttons-is-layout-flex\">\n<div class=\"wp-block-button\"><a class=\"wp-block-button__link has-white-color has-header-gradient-background-color has-text-color has-background\" href=\"https:\/\/euroclub25.net\/le-classement\/\">classement complet<\/a><\/div>\n<\/div>\n<\/div><\/div>\n<\/div><\/div>\n<\/div><\/div>\n<\/div><\/div>\n<\/div>\n<\/div>\n<\/div><\/div>\n<\/div><\/div>\n\n\n<div id=\"euroc-3409163349\"><script async src=\"\/\/pagead2.googlesyndication.com\/pagead\/js\/adsbygoogle.js?client=ca-pub-9639527791885114\" crossorigin=\"anonymous\"><\/script><ins class=\"adsbygoogle\" style=\"display:block;\" data-ad-client=\"ca-pub-9639527791885114\" \ndata-ad-slot=\"\" \ndata-ad-format=\"auto\"><\/ins>\n<script> \n(adsbygoogle = window.adsbygoogle || []).push({}); \n<\/script>\n<\/div>\n\n\n<div class=\"wp-block-genesis-blocks-gb-columns gpb-slate-section-cta-accent gb-layout-columns-2 gb-2-col-wideleft gb-has-custom-background-color gb-has-custom-text-color gb-columns-center alignfull\" style=\"padding-top:6em;padding-right:1em;padding-bottom:6em;padding-left:1em;background-color:#0073e5;color:#f5f5f5\"><div class=\"gb-layout-column-wrap gb-block-layout-column-gap-2 gb-is-responsive-column\" style=\"max-width:1200px\">\n<div class=\"wp-block-genesis-blocks-gb-column gb-block-layout-column gb-is-vertically-aligned-center\"><div class=\"gb-block-layout-column-inner\" style=\"text-align:left\">\n<h2 class=\"wp-block-heading has-text-color\" style=\"color:#f5f5f5;font-size:40px\">Rejoignez la team des radios partenaires<\/h2>\n\n\n\n<p class=\"has-text-color\" style=\"color:#f5f5f5\">Diffusez l&rsquo; Euro Club 25 sur votre radio, un show hebdomadaire de deux heures anim\u00e9 et mix\u00e9 par Eric Pyren.<\/p>\n\n\n\n<p class=\"has-text-color\" style=\"color:#f5f5f5\">Au programme des nouveaut\u00e9s hors classement, le classique \u00e9lectro de la semaine et l&rsquo;int\u00e9gralit\u00e9 des 25 titres qui composent le classement.<\/p>\n\n\n\n<div class=\"wp-block-buttons is-layout-flex wp-block-buttons-is-layout-flex\">\n<div class=\"wp-block-button is-style-fill\"><a class=\"wp-block-button__link has-text-color has-background wp-element-button\" href=\"https:\/\/euroclub25.net\/devenez-radio-partenaire\/\" style=\"border-radius:4px;color:#0073e5;background-color:#ffffff\"><strong>+ d&rsquo;infos <\/strong><\/a><\/div>\n<\/div>\n<\/div><\/div>\n\n\n\n<div class=\"wp-block-genesis-blocks-gb-column gb-block-layout-column gb-is-vertically-aligned-center\"><div class=\"gb-block-layout-column-inner\" style=\"text-align:right\">\n<figure class=\"wp-block-image size-large is-style-default\"><a href=\"https:\/\/i0.wp.com\/euroclub25.net\/wp-content\/uploads\/2021\/03\/radio-scaled.jpg?ssl=1\"><img data-recalc-dims=\"1\" loading=\"lazy\" decoding=\"async\" width=\"750\" height=\"500\" data-attachment-id=\"848\" data-permalink=\"https:\/\/euroclub25.net\/?attachment_id=848\" data-orig-file=\"https:\/\/i0.wp.com\/euroclub25.net\/wp-content\/uploads\/2021\/03\/radio-scaled.jpg?fit=2560%2C1707&amp;ssl=1\" data-orig-size=\"2560,1707\" data-comments-opened=\"0\" data-image-meta=\"{&quot;aperture&quot;:&quot;0&quot;,&quot;credit&quot;:&quot;&quot;,&quot;camera&quot;:&quot;&quot;,&quot;caption&quot;:&quot;&quot;,&quot;created_timestamp&quot;:&quot;0&quot;,&quot;copyright&quot;:&quot;&quot;,&quot;focal_length&quot;:&quot;0&quot;,&quot;iso&quot;:&quot;0&quot;,&quot;shutter_speed&quot;:&quot;0&quot;,&quot;title&quot;:&quot;&quot;,&quot;orientation&quot;:&quot;0&quot;}\" data-image-title=\"radio\" data-image-description=\"\" data-image-caption=\"\" data-medium-file=\"https:\/\/i0.wp.com\/euroclub25.net\/wp-content\/uploads\/2021\/03\/radio-scaled.jpg?fit=300%2C200&amp;ssl=1\" data-large-file=\"https:\/\/i0.wp.com\/euroclub25.net\/wp-content\/uploads\/2021\/03\/radio-scaled.jpg?fit=750%2C500&amp;ssl=1\" src=\"https:\/\/i0.wp.com\/euroclub25.net\/wp-content\/uploads\/2021\/03\/radio.jpg?resize=750%2C500&#038;ssl=1\" alt=\"\" class=\"wp-image-848\" srcset=\"https:\/\/i0.wp.com\/euroclub25.net\/wp-content\/uploads\/2021\/03\/radio-scaled.jpg?resize=1024%2C683&amp;ssl=1 1024w, https:\/\/i0.wp.com\/euroclub25.net\/wp-content\/uploads\/2021\/03\/radio-scaled.jpg?resize=300%2C200&amp;ssl=1 300w, https:\/\/i0.wp.com\/euroclub25.net\/wp-content\/uploads\/2021\/03\/radio-scaled.jpg?resize=768%2C512&amp;ssl=1 768w, https:\/\/i0.wp.com\/euroclub25.net\/wp-content\/uploads\/2021\/03\/radio-scaled.jpg?resize=1536%2C1024&amp;ssl=1 1536w, https:\/\/i0.wp.com\/euroclub25.net\/wp-content\/uploads\/2021\/03\/radio-scaled.jpg?resize=2048%2C1365&amp;ssl=1 2048w, https:\/\/i0.wp.com\/euroclub25.net\/wp-content\/uploads\/2021\/03\/radio-scaled.jpg?resize=600%2C400&amp;ssl=1 600w, https:\/\/i0.wp.com\/euroclub25.net\/wp-content\/uploads\/2021\/03\/radio-scaled.jpg?w=2250&amp;ssl=1 2250w\" sizes=\"auto, (max-width: 750px) 100vw, 750px\" \/><\/a><\/figure>\n<\/div><\/div>\n<\/div><\/div>\n","protected":false},"excerpt":{"rendered":"","protected":false},"author":2,"featured_media":0,"parent":0,"menu_order":0,"comment_status":"closed","ping_status":"closed","template":"","meta":{"advgb_blocks_editor_width":"","advgb_blocks_columns_visual_guide":"","jetpack_post_was_ever_published":false,"footnotes":""},"class_list":["post-812","page","type-page","status-publish","hentry"],"coauthors":[],"author_meta":{"author_link":"https:\/\/euroclub25.net\/?author=2","display_name":"Eric Pyren"},"relative_dates":{"created":"Publi\u00e9 5 ans il y a","modified":"Mis \u00e0 jour 3 ans il y a"},"absolute_dates":{"created":"Publi\u00e9 le 08\/03\/2021","modified":"Mise \u00e0 jour le 07\/04\/2023"},"absolute_dates_time":{"created":"Publi\u00e9 le 08\/03\/2021 2:59 pm","modified":"Mise \u00e0 jour le 07\/04\/2023 5:00 pm"},"featured_img_caption":"","featured_img":false,"series_order":"","featured_image_src":null,"featured_image_src_square":null,"jetpack_sharing_enabled":true,"_links":{"self":[{"href":"https:\/\/euroclub25.net\/index.php?rest_route=\/wp\/v2\/pages\/812","targetHints":{"allow":["GET"]}}],"collection":[{"href":"https:\/\/euroclub25.net\/index.php?rest_route=\/wp\/v2\/pages"}],"about":[{"href":"https:\/\/euroclub25.net\/index.php?rest_route=\/wp\/v2\/types\/page"}],"author":[{"embeddable":true,"href":"https:\/\/euroclub25.net\/index.php?rest_route=\/wp\/v2\/users\/2"}],"replies":[{"embeddable":true,"href":"https:\/\/euroclub25.net\/index.php?rest_route=%2Fwp%2Fv2%2Fcomments&post=812"}],"version-history":[{"count":44,"href":"https:\/\/euroclub25.net\/index.php?rest_route=\/wp\/v2\/pages\/812\/revisions"}],"predecessor-version":[{"id":1640,"href":"https:\/\/euroclub25.net\/index.php?rest_route=\/wp\/v2\/pages\/812\/revisions\/1640"}],"wp:attachment":[{"href":"https:\/\/euroclub25.net\/index.php?rest_route=%2Fwp%2Fv2%2Fmedia&parent=812"}],"curies":[{"name":"wp","href":"https:\/\/api.w.org\/{rel}","templated":true}]}}